{"id":395,"date":"2019-08-07T08:30:11","date_gmt":"2019-08-07T08:30:11","guid":{"rendered":"https:\/\/alterno.no\/nextorch\/?page_id=395"},"modified":"2019-08-07T08:34:22","modified_gmt":"2019-08-07T08:34:22","slug":"nextorch-ut10-multifunksjonslykt","status":"publish","type":"page","link":"https:\/\/alterno.no\/nextorch\/nextorch-ut10-multifunksjonslykt\/","title":{"rendered":"Nextorch UT10 Multifunksjonslykt"},"content":{"rendered":"\t\t<div data-elementor-type=\"wp-post\" data-elementor-id=\"395\" class=\"elementor elementor-395\">\n\t\t\t\t\t\t<section class=\"elementor-section elementor-top-section elementor-element elementor-element-7a8799f elementor-section-boxed elementor-section-height-default elementor-section-height-default\" data-id=\"7a8799f\" data-element_type=\"section\" data-e-type=\"section\">\n\t\t\t\t\t\t<div class=\"elementor-container elementor-column-gap-default\">\n\t\t\t\t\t<div class=\"elementor-column elementor-col-100 elementor-top-column elementor-element elementor-element-0cb68e1\" data-id=\"0cb68e1\" data-element_type=\"column\" data-e-type=\"column\">\n\t\t\t<div class=\"elementor-widget-wrap elementor-element-populated\">\n\t\t\t\t\t\t<div class=\"elementor-element elementor-element-28db5eb elementor-widget elementor-widget-heading\" data-id=\"28db5eb\" data-element_type=\"widget\" data-e-type=\"widget\" data-widget_type=\"heading.default\">\n\t\t\t\t<div class=\"elementor-widget-container\">\n\t\t\t\t\t<h2 class=\"elementor-heading-title elementor-size-default\">Nextorch UT10 multifunksjonslykt<\/h2>\t\t\t\t<\/div>\n\t\t\t\t<\/div>\n\t\t\t\t\t<\/div>\n\t\t<\/div>\n\t\t\t\t\t<\/div>\n\t\t<\/section>\n\t\t\t\t<section class=\"elementor-section elementor-top-section elementor-element elementor-element-bfad01a elementor-section-boxed elementor-section-height-default elementor-section-height-default\" data-id=\"bfad01a\" data-element_type=\"section\" data-e-type=\"section\">\n\t\t\t\t\t\t<div class=\"elementor-container elementor-column-gap-default\">\n\t\t\t\t\t<div class=\"elementor-column elementor-col-50 elementor-top-column elementor-element elementor-element-caa4c12\" data-id=\"caa4c12\" data-element_type=\"column\" data-e-type=\"column\">\n\t\t\t<div class=\"elementor-widget-wrap elementor-element-populated\">\n\t\t\t\t\t\t<div class=\"elementor-element elementor-element-599b768 elementor-arrows-position-inside elementor-pagination-position-outside elementor-widget elementor-widget-image-carousel\" data-id=\"599b768\" data-element_type=\"widget\" data-e-type=\"widget\" data-settings=\"{&quot;slides_to_show&quot;:&quot;1&quot;,&quot;navigation&quot;:&quot;both&quot;,&quot;autoplay&quot;:&quot;yes&quot;,&quot;pause_on_hover&quot;:&quot;yes&quot;,&quot;pause_on_interaction&quot;:&quot;yes&quot;,&quot;autoplay_speed&quot;:5000,&quot;infinite&quot;:&quot;yes&quot;,&quot;effect&quot;:&quot;slide&quot;,&quot;speed&quot;:500}\" data-widget_type=\"image-carousel.default\">\n\t\t\t\t<div class=\"elementor-widget-container\">\n\t\t\t\t\t\t\t<div class=\"elementor-image-carousel-wrapper swiper\" role=\"region\" aria-roledescription=\"carousel\" aria-label=\"Bildekarusell\" dir=\"ltr\">\n\t\t\t<div class=\"elementor-image-carousel swiper-wrapper\" aria-live=\"off\">\n\t\t\t\t\t\t\t\t<div class=\"swiper-slide\" role=\"group\" aria-roledescription=\"slide\" aria-label=\"1 av 13\"><figure class=\"swiper-slide-inner\"><img decoding=\"async\" class=\"swiper-slide-image\" src=\"https:\/\/alterno.no\/nextorch\/wp-content\/uploads\/2019\/08\/Nextorch-UT10-1200x600-9.jpg\" alt=\"Nextorch UT10 1200x600 (9)\" \/><\/figure><\/div><div class=\"swiper-slide\" role=\"group\" aria-roledescription=\"slide\" aria-label=\"2 av 13\"><figure class=\"swiper-slide-inner\"><img decoding=\"async\" class=\"swiper-slide-image\" src=\"https:\/\/alterno.no\/nextorch\/wp-content\/uploads\/2019\/08\/Nextorch-UT10-1200x600-10.jpg\" alt=\"Nextorch UT10 1200x600 (10)\" \/><\/figure><\/div><div class=\"swiper-slide\" role=\"group\" aria-roledescription=\"slide\" aria-label=\"3 av 13\"><figure class=\"swiper-slide-inner\"><img decoding=\"async\" class=\"swiper-slide-image\" src=\"https:\/\/alterno.no\/nextorch\/wp-content\/uploads\/2019\/08\/Nextorch-UT10-1200x600-11.jpg\" alt=\"Nextorch UT10 1200x600 (11)\" \/><\/figure><\/div><div class=\"swiper-slide\" role=\"group\" aria-roledescription=\"slide\" aria-label=\"4 av 13\"><figure class=\"swiper-slide-inner\"><img decoding=\"async\" class=\"swiper-slide-image\" src=\"https:\/\/alterno.no\/nextorch\/wp-content\/uploads\/2019\/08\/Nextorch-UT10-1200x600-12.jpg\" alt=\"Nextorch UT10 1200x600 (12)\" \/><\/figure><\/div><div class=\"swiper-slide\" role=\"group\" aria-roledescription=\"slide\" aria-label=\"5 av 13\"><figure class=\"swiper-slide-inner\"><img decoding=\"async\" class=\"swiper-slide-image\" src=\"https:\/\/alterno.no\/nextorch\/wp-content\/uploads\/2019\/08\/Nextorch-UT10-1200x600-7.jpg\" alt=\"Nextorch UT10 1200x600 (7)\" \/><\/figure><\/div><div class=\"swiper-slide\" role=\"group\" aria-roledescription=\"slide\" aria-label=\"6 av 13\"><figure class=\"swiper-slide-inner\"><img decoding=\"async\" class=\"swiper-slide-image\" src=\"https:\/\/alterno.no\/nextorch\/wp-content\/uploads\/2019\/08\/Nextorch-UT10-1200x600-8.jpg\" alt=\"Nextorch UT10 1200x600 (8)\" \/><\/figure><\/div><div class=\"swiper-slide\" role=\"group\" aria-roledescription=\"slide\" aria-label=\"7 av 13\"><figure class=\"swiper-slide-inner\"><img decoding=\"async\" class=\"swiper-slide-image\" src=\"https:\/\/alterno.no\/nextorch\/wp-content\/uploads\/2019\/08\/Nextorch-UT10-1200x600-1.jpg\" alt=\"Nextorch UT10 1200x600 (1)\" \/><\/figure><\/div><div class=\"swiper-slide\" role=\"group\" aria-roledescription=\"slide\" aria-label=\"8 av 13\"><figure class=\"swiper-slide-inner\"><img decoding=\"async\" class=\"swiper-slide-image\" src=\"https:\/\/alterno.no\/nextorch\/wp-content\/uploads\/2019\/08\/Nextorch-UT10-1200x600-2.jpg\" alt=\"Nextorch UT10 1200x600 (2)\" \/><\/figure><\/div><div class=\"swiper-slide\" role=\"group\" aria-roledescription=\"slide\" aria-label=\"9 av 13\"><figure class=\"swiper-slide-inner\"><img decoding=\"async\" class=\"swiper-slide-image\" src=\"https:\/\/alterno.no\/nextorch\/wp-content\/uploads\/2019\/08\/Nextorch-UT10-1200x600-3.jpg\" alt=\"Nextorch UT10 1200x600 (3)\" \/><\/figure><\/div><div class=\"swiper-slide\" role=\"group\" aria-roledescription=\"slide\" aria-label=\"10 av 13\"><figure class=\"swiper-slide-inner\"><img decoding=\"async\" class=\"swiper-slide-image\" src=\"https:\/\/alterno.no\/nextorch\/wp-content\/uploads\/2019\/08\/Nextorch-UT10-1200x600-4.jpg\" alt=\"Nextorch UT10 1200x600 (4)\" \/><\/figure><\/div><div class=\"swiper-slide\" role=\"group\" aria-roledescription=\"slide\" aria-label=\"11 av 13\"><figure class=\"swiper-slide-inner\"><img decoding=\"async\" class=\"swiper-slide-image\" src=\"https:\/\/alterno.no\/nextorch\/wp-content\/uploads\/2019\/08\/Nextorch-UT10-1200x600-5.jpg\" alt=\"Nextorch UT10 1200x600 (5)\" \/><\/figure><\/div><div class=\"swiper-slide\" role=\"group\" aria-roledescription=\"slide\" aria-label=\"12 av 13\"><figure class=\"swiper-slide-inner\"><img decoding=\"async\" class=\"swiper-slide-image\" src=\"https:\/\/alterno.no\/nextorch\/wp-content\/uploads\/2019\/08\/Nextorch-UT10-1200x600-6.jpg\" alt=\"Nextorch UT10 1200x600 (6)\" \/><\/figure><\/div><div class=\"swiper-slide\" role=\"group\" aria-roledescription=\"slide\" aria-label=\"13 av 13\"><figure class=\"swiper-slide-inner\"><img decoding=\"async\" class=\"swiper-slide-image\" src=\"https:\/\/alterno.no\/nextorch\/wp-content\/uploads\/2019\/08\/Nextorch-UT10-1200x600-13.jpg\" alt=\"Nextorch UT10 1200x600 (13)\" \/><\/figure><\/div>\t\t\t<\/div>\n\t\t\t\t\t\t\t\t\t\t\t\t<div class=\"elementor-swiper-button elementor-swiper-button-prev\" role=\"button\" tabindex=\"0\">\n\t\t\t\t\t\t<i aria-hidden=\"true\" class=\"eicon-chevron-left\"><\/i>\t\t\t\t\t<\/div>\n\t\t\t\t\t<div class=\"elementor-swiper-button elementor-swiper-button-next\" role=\"button\" tabindex=\"0\">\n\t\t\t\t\t\t<i aria-hidden=\"true\" class=\"eicon-chevron-right\"><\/i>\t\t\t\t\t<\/div>\n\t\t\t\t\n\t\t\t\t\t\t\t\t\t<div class=\"swiper-pagination\"><\/div>\n\t\t\t\t\t\t\t\t\t<\/div>\n\t\t\t\t\t\t<\/div>\n\t\t\t\t<\/div>\n\t\t\t\t\t<\/div>\n\t\t<\/div>\n\t\t\t\t<div class=\"elementor-column elementor-col-50 elementor-top-column elementor-element elementor-element-a652543\" data-id=\"a652543\" data-element_type=\"column\" data-e-type=\"column\">\n\t\t\t<div class=\"elementor-widget-wrap elementor-element-populated\">\n\t\t\t\t\t\t<div class=\"elementor-element elementor-element-a3b8136 elementor-widget elementor-widget-text-editor\" data-id=\"a3b8136\" data-element_type=\"widget\" data-e-type=\"widget\" data-widget_type=\"text-editor.default\">\n\t\t\t\t<div class=\"elementor-widget-container\">\n\t\t\t\t\t\t\t\t\t<p><strong>Multifunksjonslykt med dobbel lyskilde, som gir et bredt, mykt og behagelig flomlys.<\/strong><\/p><ul><li>4 lysmodus, som enkelt kontrolleres med en knapp<\/li><li>UT10 kan brukes som:<ul><li><span style=\"font-size: 16px;\">Hodelykt<\/span><\/li><li>Capslykt<\/li><li>Sykkellykt (b\u00e5de foran eller bak)<\/li><li>Hjelmlys<\/li><\/ul><\/li><li>Innebygd oppladbart Li-ion-batteri , USB ladning.<\/li><li>Flott design og lav vekt gj\u00f8r dette til en praktisk lykt til mange form\u00e5l, den veier kun 37,8 gram.<\/li><\/ul>\t\t\t\t\t\t\t\t<\/div>\n\t\t\t\t<\/div>\n\t\t\t\t\t<\/div>\n\t\t<\/div>\n\t\t\t\t\t<\/div>\n\t\t<\/section>\n\t\t\t\t<section class=\"elementor-section elementor-top-section elementor-element elementor-element-84cecb8 elementor-section-boxed elementor-section-height-default elementor-section-height-default\" data-id=\"84cecb8\" data-element_type=\"section\" data-e-type=\"section\">\n\t\t\t\t\t\t<div class=\"elementor-container elementor-column-gap-default\">\n\t\t\t\t\t<div class=\"elementor-column elementor-col-50 elementor-top-column elementor-element elementor-element-d3d4af9\" data-id=\"d3d4af9\" data-element_type=\"column\" data-e-type=\"column\">\n\t\t\t<div class=\"elementor-widget-wrap elementor-element-populated\">\n\t\t\t\t\t\t<div class=\"elementor-element elementor-element-d9ed2b9 elementor-widget elementor-widget-video\" data-id=\"d9ed2b9\" data-element_type=\"widget\" data-e-type=\"widget\" data-settings=\"{&quot;youtube_url&quot;:&quot;https:\\\/\\\/youtu.be\\\/Lyc-ACNThH4&quot;,&quot;video_type&quot;:&quot;youtube&quot;,&quot;controls&quot;:&quot;yes&quot;}\" data-widget_type=\"video.default\">\n\t\t\t\t<div class=\"elementor-widget-container\">\n\t\t\t\t\t\t\t<div class=\"elementor-wrapper elementor-open-inline\">\n\t\t\t<div class=\"elementor-video\"><\/div>\t\t<\/div>\n\t\t\t\t\t\t<\/div>\n\t\t\t\t<\/div>\n\t\t\t\t\t<\/div>\n\t\t<\/div>\n\t\t\t\t<div class=\"elementor-column elementor-col-50 elementor-top-column elementor-element elementor-element-94ff2fc\" data-id=\"94ff2fc\" data-element_type=\"column\" data-e-type=\"column\">\n\t\t\t<div class=\"elementor-widget-wrap\">\n\t\t\t\t\t\t\t<\/div>\n\t\t<\/div>\n\t\t\t\t\t<\/div>\n\t\t<\/section>\n\t\t\t\t<section class=\"elementor-section elementor-top-section elementor-element elementor-element-f0950fc elementor-section-boxed elementor-section-height-default elementor-section-height-default\" data-id=\"f0950fc\" data-element_type=\"section\" data-e-type=\"section\">\n\t\t\t\t\t\t<div class=\"elementor-container elementor-column-gap-default\">\n\t\t\t\t\t<div class=\"elementor-column elementor-col-100 elementor-top-column elementor-element elementor-element-4251ba7\" data-id=\"4251ba7\" data-element_type=\"column\" data-e-type=\"column\">\n\t\t\t<div class=\"elementor-widget-wrap elementor-element-populated\">\n\t\t\t\t\t\t<div class=\"elementor-element elementor-element-396c2b1 elementor-widget elementor-widget-heading\" data-id=\"396c2b1\" data-element_type=\"widget\" data-e-type=\"widget\" data-widget_type=\"heading.default\">\n\t\t\t\t<div class=\"elementor-widget-container\">\n\t\t\t\t\t<h3 class=\"elementor-heading-title elementor-size-default\">Spesifikasjoner<\/h3>\t\t\t\t<\/div>\n\t\t\t\t<\/div>\n\t\t\t\t\t<\/div>\n\t\t<\/div>\n\t\t\t\t\t<\/div>\n\t\t<\/section>\n\t\t\t\t<section class=\"elementor-section elementor-top-section elementor-element elementor-element-1aa442d elementor-section-boxed elementor-section-height-default elementor-section-height-default\" data-id=\"1aa442d\" data-element_type=\"section\" data-e-type=\"section\">\n\t\t\t\t\t\t<div class=\"elementor-container elementor-column-gap-default\">\n\t\t\t\t\t<div class=\"elementor-column elementor-col-100 elementor-top-column elementor-element elementor-element-ad89bf4\" data-id=\"ad89bf4\" data-element_type=\"column\" data-e-type=\"column\">\n\t\t\t<div class=\"elementor-widget-wrap elementor-element-populated\">\n\t\t\t\t\t\t<div class=\"elementor-element elementor-element-652ce9a elementor-widget elementor-widget-text-editor\" data-id=\"652ce9a\" data-element_type=\"widget\" data-e-type=\"widget\" data-widget_type=\"text-editor.default\">\n\t\t\t\t<div class=\"elementor-widget-container\">\n\t\t\t\t\t\t\t\t\t<table width=\"100%\"><tbody><tr><td colspan=\"2\" width=\"100%\"><p><strong>UT10 Multifunksjonslykt<\/strong><\/p><\/td><\/tr><tr><td width=\"50%\"><p>LED<\/p><\/td><td width=\"50%\"><p>COB<\/p><\/td><\/tr><tr><td width=\"50%\"><p>Lysstyrke<\/p><\/td><td width=\"50%\"><p>170lm\/20lm\/strobe<\/p><\/td><\/tr><tr><td width=\"50%\"><p>Batterilevetid<\/p><\/td><td width=\"50%\"><p>2t\/11t\/-<\/p><\/td><\/tr><tr><td width=\"50%\"><p>Lyslengde<\/p><\/td><td width=\"50%\"><p>1 m<\/p><\/td><\/tr><tr><td width=\"50%\"><p>Beskyttelsesklasse<\/p><\/td><td width=\"50%\"><p>IPX-4<\/p><\/td><\/tr><tr><td width=\"50%\"><p>Batteri<\/p><\/td><td width=\"50%\"><p>Oppladbart 640mAh<\/p><\/td><\/tr><tr><td width=\"50%\"><p>Dimensjoner(mm)<\/p><\/td><td width=\"50%\"><p>60x46x17<\/p><\/td><\/tr><tr><td width=\"50%\"><p>Vekt<\/p><\/td><td width=\"50%\"><p>37,8 g<\/p><\/td><\/tr><\/tbody><\/table>\t\t\t\t\t\t\t\t<\/div>\n\t\t\t\t<\/div>\n\t\t\t\t\t<\/div>\n\t\t<\/div>\n\t\t\t\t\t<\/div>\n\t\t<\/section>\n\t\t\t\t<\/div>\n\t\t","protected":false},"excerpt":{"rendered":"<p>Nextorch UT10 multifunksjonslykt Multifunksjonslykt med dobbel lyskilde, som gir et bredt, mykt og behagelig flomlys. 4 lysmodus, som enkelt kontrolleres med en knapp UT10 kan brukes som: Hodelykt Capslykt Sykkellykt (b\u00e5de foran eller bak) Hjelmlys Innebygd oppladbart Li-ion-batteri , USB ladning. Flott design og lav vekt gj\u00f8r dette til en praktisk lykt til mange form\u00e5l, [&hellip;]<\/p>\n","protected":false},"author":1,"featured_media":0,"parent":0,"menu_order":0,"comment_status":"closed","ping_status":"closed","template":"","meta":{"site-sidebar-layout":"no-sidebar","site-content-layout":"page-builder","ast-site-content-layout":"default","site-content-style":"default","site-sidebar-style":"default","ast-global-header-display":"","ast-banner-title-visibility":"","ast-main-header-display":"","ast-hfb-above-header-display":"","ast-hfb-below-header-display":"","ast-hfb-mobile-header-display":"","site-post-title":"disabled","ast-breadcrumbs-content":"","ast-featured-img":"disabled","footer-sml-layout":"","ast-disable-related-posts":"","theme-transparent-header-meta":"default","adv-header-id-meta":"","stick-header-meta":"","header-above-stick-meta":"","header-main-stick-meta":"","header-below-stick-meta":"","astra-migrate-meta-layouts":"default","ast-page-background-enabled":"default","ast-page-background-meta":{"desktop":{"background-color":"","background-image":"","background-repeat":"repeat","background-position":"center center","background-size":"auto","background-attachment":"scroll","background-type":"","background-media":"","overlay-type":"","overlay-color":"","overlay-opacity":"","overlay-gradient":""},"tablet":{"background-color":"","background-image":"","background-repeat":"repeat","background-position":"center center","background-size":"auto","background-attachment":"scroll","background-type":"","background-media":"","overlay-type":"","overlay-color":"","overlay-opacity":"","overlay-gradient":""},"mobile":{"background-color":"","background-image":"","background-repeat":"repeat","background-position":"center center","background-size":"auto","background-attachment":"scroll","background-type":"","background-media":"","overlay-type":"","overlay-color":"","overlay-opacity":"","overlay-gradient":""}},"ast-content-background-meta":{"desktop":{"background-color":"var(--ast-global-color-5)","background-image":"","background-repeat":"repeat","background-position":"center center","background-size":"auto","background-attachment":"scroll","background-type":"","background-media":"","overlay-type":"","overlay-color":"","overlay-opacity":"","overlay-gradient":""},"tablet":{"background-color":"var(--ast-global-color-5)","background-image":"","background-repeat":"repeat","background-position":"center center","background-size":"auto","background-attachment":"scroll","background-type":"","background-media":"","overlay-type":"","overlay-color":"","overlay-opacity":"","overlay-gradient":""},"mobile":{"background-color":"var(--ast-global-color-5)","background-image":"","background-repeat":"repeat","background-position":"center center","background-size":"auto","background-attachment":"scroll","background-type":"","background-media":"","overlay-type":"","overlay-color":"","overlay-opacity":"","overlay-gradient":""}},"footnotes":""},"class_list":["post-395","page","type-page","status-publish","hentry"],"yoast_head":"<!-- This site is optimized with the Yoast SEO plugin v27.4 - https:\/\/yoast.com\/product\/yoast-seo-wordpress\/ -->\n<title>Nextorch UT10 Multifunksjonslykt - Nextorch Norge<\/title>\n<meta name=\"robots\" content=\"index, follow, max-snippet:-1, max-image-preview:large, max-video-preview:-1\" \/>\n<link rel=\"canonical\" href=\"https:\/\/alterno.no\/nextorch\/nextorch-ut10-multifunksjonslykt\/\" \/>\n<meta property=\"og:locale\" content=\"nb_NO\" \/>\n<meta property=\"og:type\" content=\"article\" \/>\n<meta property=\"og:title\" content=\"Nextorch UT10 Multifunksjonslykt - Nextorch Norge\" \/>\n<meta property=\"og:description\" content=\"Nextorch UT10 multifunksjonslykt Multifunksjonslykt med dobbel lyskilde, som gir et bredt, mykt og behagelig flomlys. 4 lysmodus, som enkelt kontrolleres med en knapp UT10 kan brukes som: Hodelykt Capslykt Sykkellykt (b\u00e5de foran eller bak) Hjelmlys Innebygd oppladbart Li-ion-batteri , USB ladning. Flott design og lav vekt gj\u00f8r dette til en praktisk lykt til mange form\u00e5l, [&hellip;]\" \/>\n<meta property=\"og:url\" content=\"https:\/\/alterno.no\/nextorch\/nextorch-ut10-multifunksjonslykt\/\" \/>\n<meta property=\"og:site_name\" content=\"Nextorch Norge\" \/>\n<meta property=\"article:publisher\" content=\"https:\/\/business.facebook.com\/alternoas\/?business_id=279824305820487\" \/>\n<meta property=\"article:modified_time\" content=\"2019-08-07T08:34:22+00:00\" \/>\n<meta property=\"og:image\" content=\"https:\/\/alterno.no\/nextorch\/wp-content\/uploads\/2019\/08\/Nextorch-UT10-1200x600-9.jpg\" \/>\n<meta name=\"twitter:card\" content=\"summary_large_image\" \/>\n<script type=\"application\/ld+json\" class=\"yoast-schema-graph\">{\"@context\":\"https:\\\/\\\/schema.org\",\"@graph\":[{\"@type\":\"WebPage\",\"@id\":\"https:\\\/\\\/alterno.no\\\/nextorch\\\/nextorch-ut10-multifunksjonslykt\\\/\",\"url\":\"https:\\\/\\\/alterno.no\\\/nextorch\\\/nextorch-ut10-multifunksjonslykt\\\/\",\"name\":\"Nextorch UT10 Multifunksjonslykt - Nextorch Norge\",\"isPartOf\":{\"@id\":\"https:\\\/\\\/alterno.no\\\/nextorch\\\/#website\"},\"primaryImageOfPage\":{\"@id\":\"https:\\\/\\\/alterno.no\\\/nextorch\\\/nextorch-ut10-multifunksjonslykt\\\/#primaryimage\"},\"image\":{\"@id\":\"https:\\\/\\\/alterno.no\\\/nextorch\\\/nextorch-ut10-multifunksjonslykt\\\/#primaryimage\"},\"thumbnailUrl\":\"https:\\\/\\\/alterno.no\\\/nextorch\\\/wp-content\\\/uploads\\\/2019\\\/08\\\/Nextorch-UT10-1200x600-9.jpg\",\"datePublished\":\"2019-08-07T08:30:11+00:00\",\"dateModified\":\"2019-08-07T08:34:22+00:00\",\"breadcrumb\":{\"@id\":\"https:\\\/\\\/alterno.no\\\/nextorch\\\/nextorch-ut10-multifunksjonslykt\\\/#breadcrumb\"},\"inLanguage\":\"nb-NO\",\"potentialAction\":[{\"@type\":\"ReadAction\",\"target\":[\"https:\\\/\\\/alterno.no\\\/nextorch\\\/nextorch-ut10-multifunksjonslykt\\\/\"]}]},{\"@type\":\"ImageObject\",\"inLanguage\":\"nb-NO\",\"@id\":\"https:\\\/\\\/alterno.no\\\/nextorch\\\/nextorch-ut10-multifunksjonslykt\\\/#primaryimage\",\"url\":\"https:\\\/\\\/alterno.no\\\/nextorch\\\/wp-content\\\/uploads\\\/2019\\\/08\\\/Nextorch-UT10-1200x600-9.jpg\",\"contentUrl\":\"https:\\\/\\\/alterno.no\\\/nextorch\\\/wp-content\\\/uploads\\\/2019\\\/08\\\/Nextorch-UT10-1200x600-9.jpg\",\"width\":1200,\"height\":600},{\"@type\":\"BreadcrumbList\",\"@id\":\"https:\\\/\\\/alterno.no\\\/nextorch\\\/nextorch-ut10-multifunksjonslykt\\\/#breadcrumb\",\"itemListElement\":[{\"@type\":\"ListItem\",\"position\":1,\"name\":\"Hjem\",\"item\":\"https:\\\/\\\/alterno.no\\\/nextorch\\\/\"},{\"@type\":\"ListItem\",\"position\":2,\"name\":\"Nextorch UT10 Multifunksjonslykt\"}]},{\"@type\":\"WebSite\",\"@id\":\"https:\\\/\\\/alterno.no\\\/nextorch\\\/#website\",\"url\":\"https:\\\/\\\/alterno.no\\\/nextorch\\\/\",\"name\":\"Nextorch Norge\",\"description\":\"-the smart light\",\"publisher\":{\"@id\":\"https:\\\/\\\/alterno.no\\\/nextorch\\\/#organization\"},\"potentialAction\":[{\"@type\":\"SearchAction\",\"target\":{\"@type\":\"EntryPoint\",\"urlTemplate\":\"https:\\\/\\\/alterno.no\\\/nextorch\\\/?s={search_term_string}\"},\"query-input\":{\"@type\":\"PropertyValueSpecification\",\"valueRequired\":true,\"valueName\":\"search_term_string\"}}],\"inLanguage\":\"nb-NO\"},{\"@type\":\"Organization\",\"@id\":\"https:\\\/\\\/alterno.no\\\/nextorch\\\/#organization\",\"name\":\"Nextorch Norge\",\"url\":\"https:\\\/\\\/alterno.no\\\/nextorch\\\/\",\"logo\":{\"@type\":\"ImageObject\",\"inLanguage\":\"nb-NO\",\"@id\":\"https:\\\/\\\/alterno.no\\\/nextorch\\\/#\\\/schema\\\/logo\\\/image\\\/\",\"url\":\"https:\\\/\\\/alterno.no\\\/nextorch\\\/wp-content\\\/uploads\\\/2018\\\/07\\\/cropped-2018-New-English-Logo-Standard.png\",\"contentUrl\":\"https:\\\/\\\/alterno.no\\\/nextorch\\\/wp-content\\\/uploads\\\/2018\\\/07\\\/cropped-2018-New-English-Logo-Standard.png\",\"width\":1483,\"height\":236,\"caption\":\"Nextorch Norge\"},\"image\":{\"@id\":\"https:\\\/\\\/alterno.no\\\/nextorch\\\/#\\\/schema\\\/logo\\\/image\\\/\"},\"sameAs\":[\"https:\\\/\\\/business.facebook.com\\\/alternoas\\\/?business_id=279824305820487\"]}]}<\/script>\n<!-- \/ Yoast SEO plugin. -->","yoast_head_json":{"title":"Nextorch UT10 Multifunksjonslykt - Nextorch Norge","robots":{"index":"index","follow":"follow","max-snippet":"max-snippet:-1","max-image-preview":"max-image-preview:large","max-video-preview":"max-video-preview:-1"},"canonical":"https:\/\/alterno.no\/nextorch\/nextorch-ut10-multifunksjonslykt\/","og_locale":"nb_NO","og_type":"article","og_title":"Nextorch UT10 Multifunksjonslykt - Nextorch Norge","og_description":"Nextorch UT10 multifunksjonslykt Multifunksjonslykt med dobbel lyskilde, som gir et bredt, mykt og behagelig flomlys. 4 lysmodus, som enkelt kontrolleres med en knapp UT10 kan brukes som: Hodelykt Capslykt Sykkellykt (b\u00e5de foran eller bak) Hjelmlys Innebygd oppladbart Li-ion-batteri , USB ladning. Flott design og lav vekt gj\u00f8r dette til en praktisk lykt til mange form\u00e5l, [&hellip;]","og_url":"https:\/\/alterno.no\/nextorch\/nextorch-ut10-multifunksjonslykt\/","og_site_name":"Nextorch Norge","article_publisher":"https:\/\/business.facebook.com\/alternoas\/?business_id=279824305820487","article_modified_time":"2019-08-07T08:34:22+00:00","og_image":[{"url":"https:\/\/alterno.no\/nextorch\/wp-content\/uploads\/2019\/08\/Nextorch-UT10-1200x600-9.jpg","type":"","width":"","height":""}],"twitter_card":"summary_large_image","schema":{"@context":"https:\/\/schema.org","@graph":[{"@type":"WebPage","@id":"https:\/\/alterno.no\/nextorch\/nextorch-ut10-multifunksjonslykt\/","url":"https:\/\/alterno.no\/nextorch\/nextorch-ut10-multifunksjonslykt\/","name":"Nextorch UT10 Multifunksjonslykt - Nextorch Norge","isPartOf":{"@id":"https:\/\/alterno.no\/nextorch\/#website"},"primaryImageOfPage":{"@id":"https:\/\/alterno.no\/nextorch\/nextorch-ut10-multifunksjonslykt\/#primaryimage"},"image":{"@id":"https:\/\/alterno.no\/nextorch\/nextorch-ut10-multifunksjonslykt\/#primaryimage"},"thumbnailUrl":"https:\/\/alterno.no\/nextorch\/wp-content\/uploads\/2019\/08\/Nextorch-UT10-1200x600-9.jpg","datePublished":"2019-08-07T08:30:11+00:00","dateModified":"2019-08-07T08:34:22+00:00","breadcrumb":{"@id":"https:\/\/alterno.no\/nextorch\/nextorch-ut10-multifunksjonslykt\/#breadcrumb"},"inLanguage":"nb-NO","potentialAction":[{"@type":"ReadAction","target":["https:\/\/alterno.no\/nextorch\/nextorch-ut10-multifunksjonslykt\/"]}]},{"@type":"ImageObject","inLanguage":"nb-NO","@id":"https:\/\/alterno.no\/nextorch\/nextorch-ut10-multifunksjonslykt\/#primaryimage","url":"https:\/\/alterno.no\/nextorch\/wp-content\/uploads\/2019\/08\/Nextorch-UT10-1200x600-9.jpg","contentUrl":"https:\/\/alterno.no\/nextorch\/wp-content\/uploads\/2019\/08\/Nextorch-UT10-1200x600-9.jpg","width":1200,"height":600},{"@type":"BreadcrumbList","@id":"https:\/\/alterno.no\/nextorch\/nextorch-ut10-multifunksjonslykt\/#breadcrumb","itemListElement":[{"@type":"ListItem","position":1,"name":"Hjem","item":"https:\/\/alterno.no\/nextorch\/"},{"@type":"ListItem","position":2,"name":"Nextorch UT10 Multifunksjonslykt"}]},{"@type":"WebSite","@id":"https:\/\/alterno.no\/nextorch\/#website","url":"https:\/\/alterno.no\/nextorch\/","name":"Nextorch Norge","description":"-the smart light","publisher":{"@id":"https:\/\/alterno.no\/nextorch\/#organization"},"potentialAction":[{"@type":"SearchAction","target":{"@type":"EntryPoint","urlTemplate":"https:\/\/alterno.no\/nextorch\/?s={search_term_string}"},"query-input":{"@type":"PropertyValueSpecification","valueRequired":true,"valueName":"search_term_string"}}],"inLanguage":"nb-NO"},{"@type":"Organization","@id":"https:\/\/alterno.no\/nextorch\/#organization","name":"Nextorch Norge","url":"https:\/\/alterno.no\/nextorch\/","logo":{"@type":"ImageObject","inLanguage":"nb-NO","@id":"https:\/\/alterno.no\/nextorch\/#\/schema\/logo\/image\/","url":"https:\/\/alterno.no\/nextorch\/wp-content\/uploads\/2018\/07\/cropped-2018-New-English-Logo-Standard.png","contentUrl":"https:\/\/alterno.no\/nextorch\/wp-content\/uploads\/2018\/07\/cropped-2018-New-English-Logo-Standard.png","width":1483,"height":236,"caption":"Nextorch Norge"},"image":{"@id":"https:\/\/alterno.no\/nextorch\/#\/schema\/logo\/image\/"},"sameAs":["https:\/\/business.facebook.com\/alternoas\/?business_id=279824305820487"]}]}},"_links":{"self":[{"href":"https:\/\/alterno.no\/nextorch\/wp-json\/wp\/v2\/pages\/395","targetHints":{"allow":["GET"]}}],"collection":[{"href":"https:\/\/alterno.no\/nextorch\/wp-json\/wp\/v2\/pages"}],"about":[{"href":"https:\/\/alterno.no\/nextorch\/wp-json\/wp\/v2\/types\/page"}],"author":[{"embeddable":true,"href":"https:\/\/alterno.no\/nextorch\/wp-json\/wp\/v2\/users\/1"}],"replies":[{"embeddable":true,"href":"https:\/\/alterno.no\/nextorch\/wp-json\/wp\/v2\/comments?post=395"}],"version-history":[{"count":6,"href":"https:\/\/alterno.no\/nextorch\/wp-json\/wp\/v2\/pages\/395\/revisions"}],"predecessor-version":[{"id":418,"href":"https:\/\/alterno.no\/nextorch\/wp-json\/wp\/v2\/pages\/395\/revisions\/418"}],"wp:attachment":[{"href":"https:\/\/alterno.no\/nextorch\/wp-json\/wp\/v2\/media?parent=395"}],"curies":[{"name":"wp","href":"https:\/\/api.w.org\/{rel}","templated":true}]}}